r of 52 and j?
4
Let r = 115 + -74. Suppose -9 = -5*n + r. What is the highest common factor of 20 and n?
10
Let z = -26 - -29. Calculate the highest common factor of z and 6.
3
Suppose 0*u = 2*u - 96. Let c = 34 + -2. What is the highest common divisor of u and c?
16
Let o = 185 + -176. Let k = 24 - 6. What is the greatest common divisor of o and k?
9
Let i(b) = -b - 8. Let m be i(-16). What is the highest common factor of 20 and m?
4
Let l = 10 - 7. Suppose 4*j - 3*t = -18, 0 = l*j + t + t + 5. Let b be ((-2)/j)/(2/3). Calculate the greatest common divisor of b and 2.
1
Suppose 2*t - 294 + 4 = 0. Calculate the highest common factor of 58 and t.
29
Suppose 2*r + 4*k = -16, 3*r - 6*k - 21 = -3*k. Let u be 5 + -1 - (-2)/r. Suppose -3*j + 4 = 1. Calculate the highest common divisor of j and u.
1
Let y(m) = -m + 4. Let x be y(3). Let f be (4 - x)*20/12. What is the greatest common factor of 5 and f?
5
Suppose 297 + 83 = 5*t. Suppose 5*s - t = 54. Calculate the highest common divisor of s and 65.
13
Let f be ((-6)/((-6)/7))/((-2)/(-30)). What is the highest common factor of 70 and f?
35
Suppose 0 = 4*j - 4 - 8. What is the greatest common divisor of 6 and j?
3
Suppose -c = -5*c + 8. Suppose -t + c*t - 144 = 0. Suppose -51 - t = -3*z. What is the highest common factor of z and 26?
13
Let m = -11 - -13. Calculate the greatest common factor of m and 5.
1
Let y(g) = g + 3. Let c be y(4). Calculate the greatest common divisor of c and 28.
7
Let z = 5 + -3. Suppose 2*d + z*d = 12. Suppose d*j - 28 = -j. What is the highest common divisor of 21 and j?
7
Suppose -2*x + 60 = -24. Calculate the highest common factor of 21 and x.
21
Suppose -q - i = 13 - 56, 0 = 5*q - i - 221. Calculate the highest common factor of 110 and q.
22
Suppose 4*d - 193 - 115 = 0. What is the highest common divisor of d and 7?
7
Let r(f) = 12*f + 9. Let m be r(8). What is the highest common factor of 21 and m?
21
Let y = -28 + 53. What is the highest common factor of 100 and y?
25
Suppose 3 - 13 = -c. Suppose 2 = 2*i - 18. Calculate the highest common divisor of c and i.
10
Let a(p) = -5*p**2 + p + 3. Let s(g) = -g**2. Let f(m) = -a(m) + 4*s(m). Let h be f(3). What is the highest common factor of h and 24?
3
Let v be 256/6 + (-12)/18. Suppose -14 + 42 = h. What is the highest common divisor of v and h?
14
Let q be -9*2*9/(-6). What is the greatest common factor of q and 36?
9
Let y = -33 + 83. Suppose -55 - y = -3*q. Calculate the greatest common divisor of q and 7.
7
Suppose 109 = -20*w + 1709. Suppose 0 = -b + 1 + 9. What is the highest common factor of w and b?
10
Let d(p) = -3*p - 4. Let f = 9 + -15. Let m be d(f). Calculate the highest common factor of m and 14.
14
Let a be 3 - 1/(-2)*106. Calculate the greatest common divisor of 8 and a.
8
Suppose 4*d = d + 15. Suppose -r = z - 37, d*r = 3*z - 0*z + 177. Calculate the highest common divisor of r and 90.
18
Let y be 10/(-2)*(-33)/15. Calculate the greatest common factor of y and 1.
1
Suppose -5*u - 2*t + 4*t = -50, -u - 5*t = -37. What is the greatest common divisor of 36 and u?
12
Let g(m) = m**2 + m - 2. Let k be g(8). Calculate the highest common divisor of 10 and k.
10
Let m = 3 + 21. Calculate the greatest common factor of 36 and m.
12
Suppose -25 = -0*o - 5*o - 4*v, 5*v - 28 = -3*o. Let s be 1/(((-1)/o)/(-17)). What is the highest common divisor of s and 17?
17
Let j = 62 - 46. Calculate the greatest common divisor of j and 112.
16
Let h = -18 + -3. Let c = 34 + h. Calculate the greatest common divisor of c and 117.
13
Let b = -67 + 81. Calculate the highest common divisor of b and 2.
2
Let u = -41 + 121. Calculate the greatest common divisor of u and 16.
16
Suppose 2*g - 11 = 115. Let r be -1 - (-5 + 3 - g). Calculate the highest common divisor of r and 8.
8
Let k be (-47)/(-4) - 5/(-20). Suppose -k = 3*f - 3*y, 0 = f + 3*f + y - 9. Let c be 5/15*18*f. What is the greatest common factor of c and 3?
3
Suppose -4*n = -5*j - 13, -2*j - n - 12 = -6*n. Let l be 1/(j/(-8)) - -2. Calculate the highest common factor of 10 and l.
10
Suppose -4*m + 23 + 29 = 0. What is the highest common divisor of m and 13?
13
Let f be -1 - 1 - (-1 - 57). What is the greatest common factor of f and 7?
7
Let l(j) = -j**2 - 6*j - 2. Let z be l(-4). Let h = z + -3. Suppose -5 = -h*s + 10. What is the greatest common factor of s and 40?
5
Let n be 8*1/((-4)/(-3)). Let b = 16 - 14. Suppose b*q = q + 66. Calculate the highest common factor of q and n.
6
Let x(n) = n**3 + 4*n**2 + 4*n + 2. Let q = -7 - -3. Let i be x(q). Let v be 72/7 + 4/i. Calculate the highest common factor of 80 and v.
10
Suppose -r = -0*r - 1. Let n be r - (-26)/(-1) - -2. Let q = -16 - n. Calculate the greatest common divisor of q and 77.
7
Suppose -5*m = 4*q - 61, 0*q + m = -2*q + 29. Let u(b) = 5 + 2*b**2 - b**3 + 3*b - 3*b - 6. Let r be u(-1). What is the highest common divisor of q and r?
2
Let k = -4 - -6. Let c be 13 - (-3 - (2 - k)). What is the highest common divisor of c and 8?
8
Let o be (-30)/(-5) - (14 + -13). Suppose 4*f - 46 = -4*n + 158, -3*n + 169 = -f. What is the highest common factor of o and n?
5
Let o = 10 - 7. Suppose -100 = -2*t - o*t. Let s be ((-10)/4)/(-5)*t. What is the greatest common factor of s and 25?
5
Let o = 34 + -2. What is the highest common divisor of o and 32?
32
Suppose -4*d - a - 17 = 0, 2*a + 18 - 8 = 0. Let o be (d - 3)/(-2) - -8. Calculate the highest common divisor of o and 44.
11
Suppose 5*h - 770 = -0*h - 3*k, -154 = -h + 3*k. Calculate the highest common divisor of 14 and h.
14
Let k be ((-33)/9 + 3)*-27. Calculate the highest common divisor of 144 and k.
18
Let j(u) = 12*u**2 - 7*u + 24. Let a be j(4). What is the highest common factor of 47 and a?
47
Let q = 141 - 137. Calculate the greatest common factor of 44 and q.
4
Let u be 12*(5/20 - -2). Calculate the highest common divisor of u and 9.
9
Suppose y + 2 = 6. Let v = 8 - y. Suppose -v*k + 36 = -0*k. Calculate the greatest common divisor of 3 and k.
3
Let m(c) = -9*c + 1. Let b(p) = 8*p. Let l(z) = 5*b(z) + 4*m(z). Suppose 0*u + 30 = 5*u. Let s be l(u). What is the highest common factor of s and 7?
7
Suppose -4 = -3*i - 55. Let n = 26 + i. What is the highest common divisor of 36 and n?
9
Suppose -l + 0*c + 2*c = -134, 3*l - c = 397. Let u be 406/(-8) + (-5)/20. Let i be 15/(-20) + u/(-4). What is the highest common divisor of l and i?
12
Suppose 0 = 4*j + j - 15. Suppose -j + 48 = 3*t. What is the greatest common factor of 30 and t?
15
Suppose 5*v + 3 + 2 = 0, 3*n - v = 4. Let u be n + (-1 - -1) + 11. Calculate the greatest common divisor of 108 and u.
12
Suppose -j + 5*q = -40, 234 = 5*j - 3*q - 54. Suppose 8*m = 3*m + j. What is the highest common factor of m and 12?
12
Let n(l) = -6*l - 19. Let t(k) = 3*k + 10. Let q(m) = 3*n(m) + 5*t(m). Let h be q(-7). Calculate the greatest common factor of 154 and h.
14
Let q be (-1 + 12)/(1/15). Let y(g) = -g**3 + 9*g**2 - 7*g + 7. Let u be y(8). Calculate the highest common factor of u and q.
15
Suppose c = 3*p - 35, 4*p + 4*c - 21 = -1. Suppose 7*v = 17*v - 50. Calculate the greatest common divisor of p and v.
5
Suppose 5*m = 3*m - 272. Let r = 196 + m. What is the highest common factor of r and 12?
12
Suppose 5*y = 20, -h + 23 = -0*h + 5*y. Suppose -2*u + 9 = u, -69 = -3*a - h*u. What is the highest common factor of a and 60?
20
Let m(s) = 3*s. Let k be m(1). Suppose d + 18 = 5*u, -9 - 7 = -2*d - k*u. Suppose -50 + 8 = -d*b. What is the greatest common factor of b and 3?
3
Let f = 27 - 90. Let b be (27 - -1)*(-108)/f. What is the highest common factor of 24 and b?
24
Suppose 3*x - 34 - 26 = 0. Let r(a) = 35*a**2. Let f be r(2). What is the greatest common divisor of f and x?
20
Suppose -x + 15 = -4*i, 3*i + 40 + 5 = 3*x. Suppose 5*r - 2*r - 135 = 0. Calculate the highest common factor of r and x.
15
Let d = 109 - -1. What is the greatest common factor of d and 11?
11
Let b(v) be the second derivative of v**4/3 - 5*v**3/6 - 5*v**2/2 + 3*v. Let f be b(5). What is the greatest common divisor of 14 and f?
14
Suppose 0 = -3*v + 127 - 43. Let n be 9/(-21) - (-292)/v. Suppose 0 = 2*k - 5*u - 30, 2*k - k - 5 = 5*u. What is the greatest common factor of n and k?
5
Suppose 3*h = 5*h - 28. Let g(l) be the second derivative of l**4/6 - l**3